n 4029 is divided by 10?
9
Calculate the remainder when 2558 is divided by 31.
16
Calculate the remainder when 4081 is divided by 1326.
103
What is the remainder when 363570 is divided by 27?
15
Calculate the remainder when 3661761 is divided by 98.
89
Calculate the remainder when 2769 is divided by 62.
41
What is the remainder when 355724 is divided by 1133?
1095
What is the remainder when 1255 is divided by 444?
367
Calculate the remainder when 8351 is divided by 557.
553
What is the remainder when 39405 is divided by 394?
5
Calculate the remainder when 37783 is divided by 6289.
49
What is the remainder when 141882 is divided by 64?
58
What is the remainder when 4009 is divided by 569?
26
What is the remainder when 7340 is divided by 2446?
2
What is the remainder when 2311989 is divided by 4?
1
What is the remainder when 38498 is divided by 275?
273
What is the remainder when 11661 is divided by 43?
8
Calculate the remainder when 68983 is divided by 35.
33
What is the remainder when 258968 is divided by 82?
12
Calculate the remainder when 6892 is divided by 2066.
694
What is the remainder when 120687 is divided by 150?
87
What is the remainder when 8043 is divided by 286?
35
What is the remainder when 1102528 is divided by 330?
328
What is the remainder when 173424 is divided by 9?
3
What is the remainder when 4845027 is divided by 1268?
1267
Calculate the remainder when 107638 is divided by 92.
90
What is the remainder when 266386 is divided by 5791?
0
Calculate the remainder when 43257 is divided by 412.
409
What is the remainder when 30084 is divided by 90?
24
Calculate the remainder when 74758 is divided by 10.
8
What is the remainder when 6667 is divided by 393?
379
Calculate the remainder when 7077 is divided by 2353.
18
Calculate the remainder when 1285917 is divided by 9.
6
What is the remainder when 272780 is divided by 19?
16
What is the remainder when 13123 is divided by 18?
1
Calculate the remainder when 13427 is divided by 157.
82
What is the remainder when 11261 is divided by 2699?
465
What is the remainder when 10603 is divided by 33?
10
Calculate the remainder when 8013 is divided by 58.
9
Calculate the remainder when 88298 is divided by 1104.
1082
What is the remainder when 9388 is divided by 107?
79
What is the remainder when 25510 is divided by 879?
19
What is the remainder when 13555 is divided by 199?
23
Calculate the remainder when 554 is divided by 35.
29
Calculate the remainder when 412216 is divided by 26.
12
What is the remainder when 9423 is divided by 9395?
28
Calculate the remainder when 2813 is divided by 182.
83
What is the remainder when 303614 is divided by 101200?
14
What is the remainder when 3549 is divided by 3328?
221
Calculate the remainder when 12953 is divided by 2662.
2305
Calculate the remainder when 65549 is divided by 18.
11
Calculate the remainder when 3090 is divided by 227.
139
Calculate the remainder when 78390 is divided by 98.
88
Calculate the remainder when 26241 is divided by 171.
78
Calculate the remainder when 199262 is divided by 11070.
2
Calculate the remainder when 2247 is divided by 679.
210
Calculate the remainder when 3332 is divided by 827.
24
Calculate the remainder when 70443 is divided by 238.
233
Calculate the remainder when 3920 is divided by 873.
428
What is the remainder when 68338 is divided by 335?
333
What is the remainder when 6191 is divided by 6?
5
What is the remainder when 102381 is divided by 1264?
1261
Calculate the remainder when 309 is divided by 10.
9
What is the remainder when 64221 is divided by 367?
363
What is the remainder when 8832 is divided by 300?
132
What is the remainder when 14661 is divided by 4?
1
Calculate the remainder when 6420 is divided by 2134.
18
What is the remainder when 4656 is divided by 71?
41
Calculate the remainder when 30975 is divided by 429.
87
What is the remainder when 669512 is divided by 235?
232
What is the remainder when 118801 is divided by 540?
1
Calculate the remainder when 574078 is divided by 203.
197
What is the remainder when 23937 is divided by 3409?
74
What is the remainder when 67437 is divided by 6742?
17
Calculate the remainder when 1394043 is divided by 149.
148
Calculate the remainder when 1228 is divided by 608.
12
What is the remainder when 2281 is divided by 1095?
91
Calculate the remainder when 735657 is divided by 65.
52
Calculate the remainder when 1809 is divided by 1220.
589
Calculate the remainder when 94957 is divided by 94955.
2
What is the remainder when 302 is divided by 71?
18
Calculate the remainder when 899261 is divided by 299753.
2
What is the remainder when 16513 is divided by 567?
70
Calculate the remainder when 153116 is divided by 321.
320
Calculate the remainder when 688293 is divided by 3661.
25
Calculate the remainder when 21751 is divided by 7167.
250
What is the remainder when 2136 is divided by 540?
516
What is the remainder when 163199 is divided by 200?
199
Calculate the remainder when 143327 is divided by 71659.
9
What is the remainder when 136154 is divided by 20?
14
What is the remainder when 2052 is divided by 293?
1
Calculate the remainder when 13503 is divided by 32.
31
What is the remainder when 41133 is divided by 1277?
269
Calculate the remainder when 48815 is divided by 279.
269
What is the remainder when 30653 is divided by 116?
29
What is the remainder when 3546 is divided by 160?
26
Calculate the remainder when 991 is divided by 939.
52
Calculate the remainder when 18210 is divided by 2004.
174
What is the remainder when 1089 is divided by 1072?
17
What is the remainder when 2069863 is divided by 229984?
7
What is the remainder when 9113 is divided by 4364?
385
Calculate the remainder when 8553 is divided by 356.
9
Calculate the remainder when 512826 is divided by 118.
116
What is the remainder when 440 is divided by 439?
1
Calculate the remainder when 2287 is divided by 253.
10
What is the remainder when 1661 is divided by 417?
410
What is the remainder when 18475 is divided by 6148?
31
Calculate the remainder when 1672 is divided by 449.
325
What is the remainder when 154926 is divided by 1359?
0
Calculate the remainder when 11219 is divided by 3532.
623
What is the remainder when 58617 is divided by 396?
9
Calculate the remainder when 4555 is divided by 1115.
95
What is the remainder when 262510 is divided by 12?
10
Calculate the remainder when 10909 is divided by 81.
55
What is the remainder when 4409 is divided by 49?
48
Calculate the remainder when 54109 is divided by 51.
49
What is the remainder when 32154 is divided by 14?
10
What is the remainder when 578698 is divided by 36?
34
Calculate the remainder when 29225 is divided by 176.
9
What is the remainder when 1900 is divided by 1626?
274
Calculate the remainder when 641 is divided by 376.
265
What is the remainder when 11688 is divided by 897?
27
Calculate the remainder when 759702 is divided by 22.
20
What is the remainder when 745189 is divided by 1080?
1069
Calculate the remainder when 59120 is divided by 413.
61
Calculate the remainder when 359 is divided by 15.
14
Calculate the remainder when 5426 is divided by 1802.
20
Calculate the remainder when 3524 is divided by 1163.
35
Calculate the remainder when 2715 is divided by 1901.
814
Calculate the remainder when 68653 is divided by 4289.
29
What is the remainder when 71067 is divided by 5463?
48
Calculate the remainder when 6087 is divided by 82.
19
What is the remainder when 192468 is divided by 2188?
2112
What is the remainder when 1960 is divided by 493?
481
What is the remainder when 335005 is divided by 423?
412
Calculate the remainder when 190476 is divided by 63489.
9
What is the remainder when 749554 is divided by 49969?
19
Calculate the remainder when 13326 is divided by 140.
26
Calculate the remainder when 35236 is divided by 79.
2
What is the remainder when 4951 is divided by 2473?
5
Calculate the remainder when 33518 is divided by 817.
21
Calculate the remainder when 9607 is divided by 1599.
13
Calculate the remainder when 55184 is divided by 173.
170
Calculate the remainder when 2231 is divided by 86.
81
What is the remainder when 38366 is divided by 69?
2
What is the remainder when 1922064 is divided by 235?
234
Calculate the remainder 